p - 37. Let a be i(-18). Suppose -18*h + a - 629 = 0. Let k be (0 + -1)/((-114)/h - 5). Calculate d(k).
-14
Let m = -5528 + 5534. Let s(f) = -f**2 + 8*f. Determine s(m).
12
Let o(d) = -d**3 - 2*d**2 - 2. Let t = -42 - -37. What is o(t)?
73
Let r(b) be the second derivative of 4*b**3/3 - b**2/2 + 617*b. Determine r(1).
7
Let n(g) be the first derivative of -g**3/3 - g**2/2 - 274. Let a(v) = 10*v**2 - 4*v - 1. Let o(q) = a(q) - 4*n(q). Determine o(-1).
13
Suppose 24*b - 79 = 2*d + 19*b, 0 = -d - b - 15. Let y(n) = -2*n**2 - 44*n - 1. Calculate y(d).
-1
Let f(z) be the third derivative of z**5/60 - 11*z**4/24 + 29*z**3/6 + 13*z**2 + 2*z. Let s be f(7). Let n(l) = -15*l + 1. What is n(s)?
-14
Suppose 2*a - 6 = 0, -21 = -3*x + 2*a - 7*a. Let u(q) = 7*q**x - 16*q**2 + 11*q**2 - 16 - q**3 + 15 + 3*q. Determine u(3).
-1
Let c(i) = 3*i + 29 - 11*i + 4*i + 5*i. Let y be c(-21). Let f(w) = -1 + 8*w - 1 + y*w**2 + w**3 - 5 - 2. Calculate f(-7).
-16
Let o(x) = 2 - 6*x - 7 + x + x**2 + 10*x. Suppose 12*a = a + 44. Suppose 4*t - 2*j + 32 = -a*j, -4*j - 8 = t. Determine o(t).
19
Let b(q) = -67*q + 112. Let j(m) = 24*m - 37. Let l(h) = -4*b(h) - 11*j(h). Give l(6).
-17
Let b(f) = -f**2 - 2*f. Let s(i) = i**3 + 11*i**2 + 12*i - 12. Let k(d) = -5*b(d) - s(d). Let r = 586 - 591. Determine k(r).
-3
Let v(b) = 9*b**2 + 21*b - 1. Let s(i) = 5*i**2 + 11*i. Suppose 7*z = 9*z + 22. Let c(d) = z*s(d) + 6*v(d). Let g = 4 + 0. Determine c(g).
-2
Let f be (-1)/2*(-190)/(-19). Let k(i) = 12*i + 55. Give k(f).
-5
Let b(i) = -14*i**3 + 2*i**2 + 15*i - 4. Let m(x) = -6*x**3 + x**2 + 7*x - 2. Let t(s) = -2*b(s) + 5*m(s). Determine t(3).
-32
Let r(g) = 7*g + 14. Let o(k) = -19*k - 33. Let u(b) = 3*o(b) + 8*r(b). Let x = -11 - -23. Let n = x + -6. What is u(n)?
7
Let a = -380 - -374. Let c(m) = m**2 - 2*m - 51. Give c(a).
-3
Suppose 0 = 2*l + 5*x - 11, -x - 74 = -5*l + 2*x. Let w(h) = -13 - 6683*h + 3355*h + 3330*h. What is w(l)?
13
Let h(m) = -m - 7*m + 4 + 7 - 3 + m**2. Let k = -316 - -323. Determine h(k).
1
Let c(l) be the second derivative of l**5/20 - 3*l**4/4 + 4*l**3/3 - 17*l**2/2 + 138*l - 11. Determine c(8).
-17
Let z(m) = 50*m + 41. Let h(g) = -163*g - 123. Let i(x) = 4*h(x) + 13*z(x). Give i(15).
11
Let g(h) = 36*h - 14. Let b(f) = -221*f + 84. Let v(a) = -6*b(a) - 37*g(a). Calculate v(2).
2
Suppose 104 = 281*c - 268*c. Let i(m) = -11*m + 4. What is i(c)?
-84
Suppose 15*s = -2 + 17. Let z(o) = 0 - 914*o**2 + 915*o**2 - 3 - s. Give z(3).
5
Let z(w) = w**2 - w - 1. Let t(c) = -6*c**2 - 19*c - 1. Let n be t(-3). Suppose -n*l + 2*k = 0, 20*l - k + 10 = 24*l. Give z(l).
1
Let i(g) = 24*g + 7. Let c be 3/(-4) + (-75)/(-4). Let u(y) = 15*y + 3 - 21*y + c*y. Let k(q) = -2*i(q) + 5*u(q). Determine k(-1).
-11
Suppose i = -3*s - 26 + 148, 0 = 5*i - 3*s - 520. Let u(b) = -i*b**2 - 131*b**2 + 10*b + 236*b**2 - 7. Determine u(6).
-19
Let x(h) = h - 1. Let m(f) = 6*f - 3. Suppose 0 = -5*n - 4*a + 21, -a - 3 = -2*n - 5. Let b(l) = n*m(l) - 5*x(l). Let t = -8094 + 8094. What is b(t)?
2
Let i(v) = v**2 + 10*v**2 - 6 - v**3 + 1 + 2*v - 6*v**2. Suppose 5*n + 395 + 120 = 0. Let g = -98 - n. Determine i(g).
5
Let t(j) = 4*j + 8. Let f(s) = s**3 + 15*s**2 - 16*s + 6. Let x be f(-16). Let c be (36/x - 1) + -11. Give t(c).
-16
Let a(m) = 13*m**2 + 14*m. Let b(l) = -104*l**2 - 109*l + 7. Let c(s) = 35*s**2 + 37*s - 2. Let h(p) = 2*b(p) + 7*c(p). Let i(g) = 17*a(g) - 6*h(g). Give i(-9).
-9
Suppose 0 = -u + 2*v + 9, 4*u - 30 = -10*v + 12*v. Let z(w) = -2*w + 19. Give z(u).
5
Let v(c) be the second derivative of -c**3/2 - 37*c**2/2 + 1358*c - 1. Calculate v(-9).
-10
Let s(h) = -3*h**2 - 60*h + 23. Let x(m) be the first derivative of -m**3/3 - 11*m**2 + 8*m + 222. Let i(y) = 3*s(y) - 8*x(y). Calculate i(-4).
5
Let n(t) be the second derivative of 3/20*t**5 - 1/3*t**3 + 0*t**4 + 1/2*t**2 + 32*t + 0. Let y be 2/3*3/2. Give n(y).
2
Let g(j) = -7*j + 26 - 35*j + 49 - 40 + 14 - 2*j**2. What is g(-22)?
5
Let n be (-68)/85*(1 + -31). Suppose -n - 15 = -13*q. Let m(f) = -5*f - 5*f**3 + 6*f - 3*f**2 - f**2 + 4*f**q + 1. Determine m(-4).
-3
Let m(n) = -n + 6. Let d be 142/(-9) - (-2)/(-9). Let z be (d/10)/((-3)/(-30)*-2). Let l be -2 + (z - (3 - 0)) - -2. Calculate m(l).
1
Let z(g) = g**3 - 3*g**2 - 3*g + 7*g - 7*g - 3. Let m(p) = p**2 - p - 7. Let f be m(4). Let x = f + -1. Determine z(x).
1
Let q(b) be the first derivative of -b**4/4 - 4*b**3/3 + b**2 + 2*b - 140. Calculate q(2).
-18
Let z(r) = -r - 21. Let w be z(-24). Suppose -w*u - 4*l = -2*l + 23, 0 = 4*u + 4*l + 36. Let p(j) = j**2 + 3*j + 3. Determine p(u).
13
Let x be 2/(-31) - (495/(-465) + -6). Let g(y) = -y**2 - 6*y + 79. What is g(x)?
-12
Suppose 3*g = k - 8, g + 2*g + 12 = 3*k. Let h be (g/(-1))/(1/191*1). Let w(y) = -2*y - 3*y**2 + h + 3*y - 382. What is w(-1)?
-4
Suppose -150*f - 45 = -155*f. Let k be 80/(-10)*f/(-24). Let q(b) = -b**2 + 2*b + 4. Determine q(k).
1
Let s(p) be the second derivative of -p**5/20 + p**4/4 + p**3/2 - p**2/2 + 9936*p. Let k be (-1)/(-5) - 76/(-20). Give s(k).
-5
Let h(s) be the second derivative of s**4/12 + 11*s**3/6 - 183*s**2/2 - 4089*s. What is h(-20)?
-3
Let b(j) = -3*j + 2 - 5*j - 3. Let o be (-127890)/(-567) + (-4)/(-9). Let x = o + -227. What is b(x)?
7
Let j(b) = 2*b**2 + 6*b + 5. Let s(p) = p**2 - p - 2. Let y be s(-2). Let a(m) = 201 - 586 - m**2 + 192 + 189 + 4*m. Let k be a(y). What is j(k)?
13
Let i(o) be the first derivative of -o**3/3 - 8*o**2 + 40*o - 14041. Calculate i(-9).
103
Let f(b) = b**2 + 5*b - 115. Let c = 9158 - 9172. Determine f(c).
11
Let u(o) = -7*o - 717. Let m(a) = a + 134. Let b(d) = 22*m(d) + 4*u(d). Give b(14).
-4
Let q(k) be the second derivative of 0 + 2*k + 3*k**2 - 1/12*k**4 + 3/2*k**3. Let w(d) = -13982*d**2 - 111858*d - 8. Let a be w(-8). Give q(a).
14
Let h(v) = 2*v - 5. Let b be h(4). Let f(u) = -173*u**3 - 4*u + 347*u**3 - 3*u**2 - 175*u**3 + 3 + 8*u**2 + 0*u**2. Determine f(b).
9
Let a(h) = -h**3 - 4*h**2 + 5*h - 3. Let t(b) = 3*b**3 + 11*b**2 - 14*b + 9. Suppose 112*k + 24 = 115*k. Let m(n) = k*a(n) + 3*t(n). Give m(2).
11
Suppose -122*t + 120*t = 50. Let d(l) = 9*l + 228. Determine d(t).
3
Suppose 4*b - 4*t + 17 = 113, -3*t = -4*b + 94. Let n = -18 + b. Let x(m) = n*m**2 - 7 - 2*m**2 + 6 + 3*m**2. Calculate x(1).
4
Suppose o - 29 = 5*i, -5*o + 186*i - 189*i - 51 = 0. Let t(c) = -c**2 - 7*c + 11. Calculate t(o).
17
Let u(j) = -7*j**2 + 2*j - 1. Let o be 5/(-15) - 177/9. Let h be 1/((o/535)/4). Let x = -106 - h. Calculate u(x).
-6
Suppose -3*i - 19 = 4*u - 6*u, 5*i + 25 = 5*u. Let g be ((-4)/(-6))/(i/81). Let x(s) = 2*s + 1. What is x(g)?
-11
Let a(g) = 471*g**3 - 49*g**2 - 23*g - 2. Let y(i) = -257*i**3 + 25*i**2 + 11*i + 1. Let m(r) = -6*a(r) - 11*y(r). Give m(-18).
19
Let s be ((-2)/(-12))/((-58)/(-232)). Let a(c) be the second derivative of 0 - s*c**3 + 1/20*c**5 + 1/2*c**2 + 5/12*c**4 - 14*c. Determine a(-6).
-11
Let y(f) = -f**2 - f - 7. Let p = 4 + -4. Let a be y(p). Let b(k) = -5 - 44*k**2 - k**3 + 36*k**2 - 7*k - 4 + 3 + 0*k**3. What is b(a)?
-6
Let f(i) = -5*i + 68. Let b(w) = 2*w - 25. Let m(d) = -8*b(d) - 3*f(d). Let c be (2 + (-2 - -1))/1. Let h be (-6)/12*6*c. Determine m(h).
-1
Suppose 0 = -4*v - v + 605. Suppose -y - 2*y + 6 = 0, 0 = -a + 3*y - 4. Let s(h) = v*h**a - 1 + 0*h - 118*h**2 + 2*h. Calculate s(1).
4
Let y be (2 - 10) + (5 - 6 - (15 - 13)). Let l(x) = 11*x + 119. What is l(y)?
-2
Let x(k) = -k**3 - 8*k**2 - 7*k - 4. Let j(d) be the third derivative of d**5/60 - 5*d**4/8 + 7*d**3/6 + 6*d**2 + 4. Let f be j(14). Determine x(f).
-4
Let z(w) be the third derivative of -w**5/60 + w**4/4 - 3*w**3/2 + 12878*w**2. Let a be (-1)/(2/(-52)) + 2. Let r be a/5 + 2/5. Give z(r).
-9
Let p(t) = t**3 + 32*t**2 + 57*t - 96. Let q be (-1 + (-102)/(-12))/((-52)/16 - -3). Calculate p(q).
-6
Let a(i) be the second derivative of -i**3/6 + 4*i**2 - 7*i. Suppose 16122*j - 16120*j = -6. What is a(j)?
11
Let b(t) = t**2 + 67*t + 1106. Let w be b(-38). Let d(r) be the second derivative of -1/6*r**3 + w*r**2 + 12*r + 0. Give d(9).
-1
Let i(m) = 5*m**2 + 703*m + 30. Let c(j) = 4*j**2 + 588*j + 28. Let d(l) = 6*c(l) - 5*i(l). Let o = -33 + 47. What is d(o)?
4
Let p(x) = 10*x + 3*x**2 + 4*x - 618 - x**2 + 12*x + 585. Calculate p(-14).
-5
Suppose 35*h = -622 - 31 + 23. Let